 of 172833.
3, 53, 1087
List the prime factors of 2577179.
11, 19, 59
List the prime factors of 2529315.
3, 5, 56207
What are the prime factors of 20128635?
3, 5, 149101
List the prime factors of 40242.
2, 3, 19, 353
What are the prime factors of 490170?
2, 3, 5, 16339
What are the prime factors of 7133517?
3, 792613
What are the prime factors of 49314?
2, 3, 8219
List the prime factors of 9479278.
2, 61, 77699
What are the prime factors of 33984?
2, 3, 59
List the prime factors of 3142618.
2, 1571309
What are the prime factors of 1182265?
5, 7, 17, 1987
What are the prime factors of 18498886?
2, 7, 1321349
List the prime factors of 18588017.
7, 2655431
What are the prime factors of 1650965?
5, 61, 5413
List the prime factors of 858441.
3, 53, 5399
What are the prime factors of 7281870?
2, 3, 5, 242729
List the prime factors of 670465.
5, 134093
List the prime factors of 1162456.
2, 145307
List the prime factors of 398181.
3, 7, 67, 283
What are the prime factors of 1002890?
2, 5, 7, 14327
List the prime factors of 400845.
3, 5, 26723
What are the prime factors of 6611546?
2, 61, 54193
What are the prime factors of 678693?
3, 226231
List the prime factors of 259148.
2, 17, 37, 103
What are the prime factors of 1005130?
2, 5, 7, 83, 173
List the prime factors of 30316702.
2, 13, 1166027
What are the prime factors of 2047623?
3, 89, 7669
What are the prime factors of 123793?
79, 1567
What are the prime factors of 38000?
2, 5, 19
What are the prime factors of 348392?
2, 11, 37, 107
What are the prime factors of 3476237?
79, 557
What are the prime factors of 551449?
149, 3701
What are the prime factors of 10508311?
11, 19, 137, 367
List the prime factors of 345101.
433, 797
List the prime factors of 3986948.
2, 7, 142391
What are the prime factors of 149009?
7, 3041
What are the prime factors of 1117244?
2, 279311
List the prime factors of 177463.
11, 13, 17, 73
List the prime factors of 23783386.
2, 11, 31, 43, 811
List the prime factors of 4172452.
2, 1043113
List the prime factors of 11267864.
2, 163, 8641
List the prime factors of 559197.
3, 139, 149
List the prime factors of 2581670.
2, 5, 7, 13, 2837
List the prime factors of 2112096.
2, 3, 7, 449
List the prime factors of 29961.
3, 3329
What are the prime factors of 502421?
502421
List the prime factors of 2717657.
23, 173, 683
List the prime factors of 5661007.
11, 514637
What are the prime factors of 388918?
2, 163, 1193
List the prime factors of 93821.
7, 13, 1031
List the prime factors of 5409118.
2, 11, 13, 18913
What are the prime factors of 987636?
2, 3, 13, 487
List the prime factors of 4369110.
2, 3, 5, 145637
What are the prime factors of 471790?
2, 5, 11, 4289
What are the prime factors of 302495?
5, 101, 599
List the prime factors of 305584.
2, 71, 269
List the prime factors of 535621.
433, 1237
What are the prime factors of 220565?
5, 31, 1423
What are the prime factors of 36558634?
2, 7, 41, 63691
List the prime factors of 344086.
2, 43, 4001
List the prime factors of 591962.
2, 7, 42283
What are the prime factors of 9840273?
3, 257, 12763
List the prime factors of 769265.
5, 7, 31, 709
List the prime factors of 22952789.
1051, 21839
What are the prime factors of 12177724?
2, 13, 234187
What are the prime factors of 3115825?
5, 124633
What are the prime factors of 3731585?
5, 11, 13, 17, 307
List the prime factors of 682457.
29, 101, 233
List the prime factors of 1270653.
3, 89, 4759
What are the prime factors of 786789?
3, 87421
What are the prime factors of 434763?
3, 7, 67, 103
What are the prime factors of 22729974?
2, 3, 3788329
List the prime factors of 278481.
3, 7, 89, 149
What are the prime factors of 218045?
5, 43609
What are the prime factors of 35724616?
2, 17, 262681
List the prime factors of 1427399.
1427399
List the prime factors of 3649589.
1033, 3533
What are the prime factors of 253161?
3, 23, 1223
What are the prime factors of 4529848?
2, 566231
List the prime factors of 3086980.
2, 5, 13, 31, 383
List the prime factors of 68591.
113, 607
List the prime factors of 88033.
11, 53, 151
What are the prime factors of 1143665?
5, 228733
List the prime factors of 900551.
900551
List the prime factors of 14457522.
2, 3, 1481, 1627
What are the prime factors of 122875?
5, 983
List the prime factors of 1991575.
5, 29, 41, 67
List the prime factors of 13173642.
2, 3, 731869
List the prime factors of 5360305.
5, 353, 3037
What are the prime factors of 69145?
5, 13829
What are the prime factors of 656720?
2, 5, 8209
What are the prime factors of 1584031?
1584031
List the prime factors of 455545.
5, 31, 2939
List the prime factors of 102343.
53, 1931
List the prime factors of 72628.
2, 67, 271
What are the prime factors of 11745113?
17, 690889
What are the prime factors of 124186?
2, 31, 2003
What are the prime factors of 179392?
2, 2803
What are the prime factors of 458448?
2, 3, 9551
What are the prime factors of 4122568?
2, 17, 30313
What are the prime factors of 22962615?
3, 5, 13, 117757
What are the prime factors of 46651?
11, 4241
List the prime factors of 3572343.
3, 61, 241
What are the prime factors of 4830509?
349, 13841
List the prime factors of 9147150.
2, 3, 5, 20327
List the prime factors of 187859.
7, 47, 571
List the prime factors of 19066789.
7, 2723827
What are the prime factors of 2364556?
2, 31, 19069
List the prime factors of 6499149.
3, 43, 83, 607
List the prime factors of 1093004.
2, 11, 24841
What are the prime factors of 1380826?
2, 139, 4967
List the prime factors of 2198587.
83, 26489
What are the prime factors of 1559214?
2, 3, 29, 103
List the prime factors of 6220584.
2, 3, 31, 929
List the prime factors of 1418497.
17, 181, 461
What are the prime factors of 1389512?
2, 17, 601
What are the prime factors of 66222?
2, 3, 13, 283
What are the prime factors of 419582?
2, 193, 1087
List the prime factors of 1378468.
2, 7, 13, 541
List the prime factors of 10080784.
2, 7, 90007
What are the prime factors of 1361572?
2, 340393
List the prime factors of 5935821.
3, 919, 2153
List the prime factors of 281053.
281053
List the prime factors of 362921.
13, 27917
What are the prime factors of 11114377?
11114377
List the prime factors of 9077212.
2, 19, 83, 1439
List the prime factors of 1687050.
2, 3, 5, 23, 163
What are the prime factors of 3229692?
2, 3, 269141
What are the prime factors of 496101?
3, 165367
List the prime factors of 1628253.
3, 11, 16447
What are the prime factors of 4783141?
11, 434831
What are the prime factors of 81195?
3, 5, 5413
List the prime factors of 402209.
127, 3167
List the prime factors of 291584.
2, 17, 67
What are the prime factors of 1048105?
5, 209621
What are the prime factors of 9667109?
9667109
What are the prime factors of 2057781?
3, 11, 127, 491
What are the prime factors of 1946196?
2, 3, 7, 7723
List the prime factors of 355633.
355633
List the prime factors of 4387059.
3, 61, 131
What are the prime factors of 413712?
2, 3, 13, 17
List the prime factors of 57129.
3, 137, 139
List the prime factors of 1393283.
1393283
List the prime factors of 82241.
82241
What are the prime factors of 215709?
3, 13, 5531
List the prime factors of 147501.
3, 607
List the prime factors of 13651.
11, 17, 73
List the prime factors of 1461001.
1461001
List the prime factors of 15326.
2, 79, 97
What are the prime factors of 52563?
3, 7, 2503
What are the prime factors of 238020?
2, 3, 5, 3967
List the prime factors of 162058.
2, 13, 23, 271
List the prime factors of 1869223.
61, 30643
What are the prime factors of 711202?
2, 31, 11471
List the prime factors of 1824097.
11, 139, 1193
What are the prime factors of 14528474?
2, 7264237
List the prime factors of 247345.
5, 7, 37, 191
What are the prime factors of 1546377?
3, 7, 73637
List the prime factors of 73881.
3, 8209
List the prime factors of 103388.
2, 25847
List the prime factors of 125434.
2, 59, 1063
What are the prime factors of 237567?
3, 11, 23, 313
What are the prime factors of 2750188?
2, 7, 98221
List the prime factors of 584971.
584971
What are the prime factors of 1199844?
2, 3, 33329
What are the prime factors of 1342332?
2, 3, 1381
What are the prime factors of 23339788?
2, 5834947
List the prime factors of 2995884.
2, 3, 83219
What are the prime factors of 9